 3875 is divided by 17.
16
What is the remainder when 66 is divided by 3?
0
What is the remainder when 3013 is divided by 15?
13
What is the remainder when 9783 is divided by 19?
17
Calculate the remainder when 17 is divided by 11.
6
What is the remainder when 368 is divided by 34?
28
What is the remainder when 444 is divided by 129?
57
What is the remainder when 4075 is divided by 48?
43
Calculate the remainder when 69 is divided by 5.
4
What is the remainder when 119 is divided by 48?
23
Calculate the remainder when 2681 is divided by 69.
59
Calculate the remainder when 5635 is divided by 84.
7
What is the remainder when 90 is divided by 29?
3
What is the remainder when 1620 is divided by 538?
6
What is the remainder when 29491 is divided by 347?
343
Calculate the remainder when 103 is divided by 22.
15
Calculate the remainder when 2262 is divided by 18.
12
Calculate the remainder when 35 is divided by 9.
8
What is the remainder when 646 is divided by 50?
46
What is the remainder when 381 is divided by 377?
4
What is the remainder when 234 is divided by 79?
76
What is the remainder when 430 is divided by 207?
16
What is the remainder when 4139 is divided by 6?
5
Calculate the remainder when 4301 is divided by 7.
3
What is the remainder when 779 is divided by 65?
64
What is the remainder when 94 is divided by 74?
20
Calculate the remainder when 80 is divided by 59.
21
Calculate the remainder when 1249 is divided by 23.
7
Calculate the remainder when 2660 is divided by 530.
10
What is the remainder when 847 is divided by 53?
52
Calculate the remainder when 303 is divided by 18.
15
Calculate the remainder when 148 is divided by 20.
8
What is the remainder when 463 is divided by 78?
73
What is the remainder when 1062 is divided by 515?
32
Calculate the remainder when 157 is divided by 27.
22
What is the remainder when 293 is divided by 24?
5
What is the remainder when 430 is divided by 64?
46
Calculate the remainder when 25 is divided by 13.
12
Calculate the remainder when 310 is divided by 7.
2
Calculate the remainder when 8202 is divided by 28.
26
Calculate the remainder when 6199 is divided by 132.
127
What is the remainder when 108 is divided by 24?
12
What is the remainder when 10 is divided by 7?
3
Calculate the remainder when 34 is divided by 6.
4
What is the remainder when 309 is divided by 6?
3
Calculate the remainder when 409 is divided by 51.
1
What is the remainder when 445 is divided by 45?
40
What is the remainder when 98 is divided by 56?
42
What is the remainder when 699 is divided by 473?
226
What is the remainder when 59 is divided by 12?
11
Calculate the remainder when 275 is divided by 261.
14
What is the remainder when 960 is divided by 121?
113
What is the remainder when 179 is divided by 49?
32
What is the remainder when 103 is divided by 74?
29
Calculate the remainder when 1498 is divided by 83.
4
Calculate the remainder when 5233 is divided by 14.
11
What is the remainder when 119 is divided by 23?
4
What is the remainder when 311 is divided by 219?
92
What is the remainder when 473 is divided by 53?
49
What is the remainder when 24816 is divided by 20?
16
Calculate the remainder when 911 is divided by 57.
56
What is the remainder when 261 is divided by 33?
30
What is the remainder when 21095 is divided by 36?
35
Calculate the remainder when 7652 is divided by 29.
25
What is the remainder when 505 is divided by 494?
11
What is the remainder when 24242 is divided by 116?
114
Calculate the remainder when 490 is divided by 75.
40
What is the remainder when 194 is divided by 66?
62
Calculate the remainder when 13508 is divided by 229.
226
What is the remainder when 2792 is divided by 56?
48
What is the remainder when 843 is divided by 420?
3
What is the remainder when 4553 is divided by 67?
64
What is the remainder when 756 is divided by 23?
20
Calculate the remainder when 170 is divided by 48.
26
What is the remainder when 751 is divided by 54?
49
Calculate the remainder when 348 is divided by 35.
33
What is the remainder when 373 is divided by 73?
8
What is the remainder when 99 is divided by 35?
29
What is the remainder when 1974 is divided by 44?
38
Calculate the remainder when 271 is divided by 23.
18
What is the remainder when 1393 is divided by 31?
29
Calculate the remainder when 2185 is divided by 30.
25
Calculate the remainder when 2366 is divided by 2354.
12
What is the remainder when 88 is divided by 38?
12
What is the remainder when 1258 is divided by 180?
178
Calculate the remainder when 293 is divided by 75.
68
Calculate the remainder when 11112 is divided by 65.
62
Calculate the remainder when 477 is divided by 165.
147
What is the remainder when 1244 is divided by 619?
6
What is the remainder when 106 is divided by 54?
52
Calculate the remainder when 213 is divided by 8.
5
Calculate the remainder when 470 is divided by 62.
36
What is the remainder when 153 is divided by 14?
13
What is the remainder when 196 is divided by 62?
10
Calculate the remainder when 73 is divided by 13.
8
Calculate the remainder when 195 is divided by 95.
5
Calculate the remainder when 784 is divided by 39.
4
What is the remainder when 57507 is divided by 44?
43
What is the remainder when 83 is divided by 6?
5
What is the remainder when 1607 is divided by 100?
7
What is the remainder when 87 is divided by 27?
6
Calculate the remainder when 364 is divided by 25.
14
Calculate the remainder when 2305 is divided by 286.
17
Calculate the remainder when 4217 is divided by 67.
63
What is the remainder when 671 is divided by 655?
16
What is the remainder when 648 is divided by 27?
0
Calculate the remainder when 6687 is divided by 88.
87
What is the remainder when 165 is divided by 163?
2
What is the remainder when 354 is divided by 71?
70
Calculate the remainder when 52 is divided by 7.
3
What is the remainder when 1449 is divided by 121?
118
Calculate the remainder when 304 is divided by 31.
25
Calculate the remainder when 3375 is divided by 189.
162
What is the remainder when 5794 is divided by 161?
159
Calculate the remainder when 52 is divided by 9.
7
Calculate the remainder when 233 is divided by 15.
8
What is the remainder when 48 is divided by 38?
10
What is the remainder when 346 is divided by 29?
27
What is the remainder when 24 is divided by 7?
3
What is the remainder when 2818 is divided by 14?
4
What is the remainder when 462 is divided by 458?
4
What is the remainder when 399 is divided by 25?
24
What is the remainder when 168 is divided by 85?
83
Calculate the remainder when 839 is divided by 30.
29
What is the remainder when 129 is divided by 29?
13
What is the remainder when 217 is divided by 33?
19
What is the remainder when 378 is divided by 323?
55
What is the remainder when 784 is divided by 18?
10
What is the remainder when 127 is divided by 12?
7
What is the remainder when 49 is divided by 26?
23
Calculate the remainder when 1551 is divided by 21.
18
Calculate the remainder when 1258 is divided by 13.
10
Calculate the remainder when 1350 is divided by 20.
10
What is the remainder when 2977 is divided by 34?
19
What is the remainder when 133 is divided by 38?
19
Calculate the remainder when 940 is divided by 59.
55
Calculate the remainder when 260 is divided by 69.
53
What is the remainder when 1091 is divided by 142?
97
Calculate the remainder when 345 is divided by 48.
9
Calculate the remainder when 573 is divided by 193.
187
Calculate the remainder when 201 is divided by 64.
9
What is the remainder when 2241 is divided by 442?
31
Calculate the remainder when 453 is divided by 65.
63
Calculate the remainder when 564 is divided by 56.
4
Calculate the remainder when 366 is divided by 32.
14
Calculate the remainder when 1098 is divided by 41.
32
What is the remainder when 1153 is divided by 17?
14
What is the remainder when 1813 is divided by 48?
37
What is the remainder when 216 is divided by 118?
98
What is the remainder when 342 is divided by 330?
12
What is the remainder when 584 is divided by 30?
14
What is the remainder when 236 is divided by 64?
44
What is the remainder when 122 is divided by 25?
22
What is the remainder when 40 is divided by 29?
11
What is the remainder when 963 is divided by 54?
45
Calculate t